emainder when 681 is divided by 72?
33
Calculate the remainder when 204 is divided by 17.
0
What is the remainder when 93 is divided by 25?
18
Calculate the remainder when 774 is divided by 13.
7
What is the remainder when 135 is divided by 13?
5
What is the remainder when 211 is divided by 196?
15
Calculate the remainder when 796 is divided by 26.
16
What is the remainder when 510 is divided by 7?
6
What is the remainder when 346 is divided by 58?
56
Calculate the remainder when 39740 is divided by 18.
14
Calculate the remainder when 7091 is divided by 9.
8
Calculate the remainder when 1452 is divided by 119.
24
Calculate the remainder when 512 is divided by 43.
39
What is the remainder when 355 is divided by 122?
111
Calculate the remainder when 2930 is divided by 89.
82
What is the remainder when 610 is divided by 153?
151
Calculate the remainder when 215 is divided by 18.
17
Calculate the remainder when 9587 is divided by 102.
101
Calculate the remainder when 386 is divided by 30.
26
Calculate the remainder when 556 is divided by 13.
10
What is the remainder when 468 is divided by 394?
74
What is the remainder when 127 is divided by 68?
59
Calculate the remainder when 85 is divided by 62.
23
What is the remainder when 122 is divided by 47?
28
What is the remainder when 8232 is divided by 45?
42
What is the remainder when 207 is divided by 55?
42
What is the remainder when 908 is divided by 114?
110
Calculate the remainder when 71 is divided by 36.
35
What is the remainder when 254 is divided by 85?
84
Calculate the remainder when 331 is divided by 37.
35
Calculate the remainder when 307 is divided by 103.
101
What is the remainder when 79 is divided by 3?
1
Calculate the remainder when 481 is divided by 20.
1
Calculate the remainder when 52 is divided by 15.
7
What is the remainder when 1481 is divided by 15?
11
What is the remainder when 94 is divided by 48?
46
Calculate the remainder when 412 is divided by 112.
76
What is the remainder when 505 is divided by 161?
22
What is the remainder when 38 is divided by 12?
2
Calculate the remainder when 6696 is divided by 19.
8
What is the remainder when 122 is divided by 115?
7
Calculate the remainder when 228 is divided by 27.
12
What is the remainder when 2578 is divided by 89?
86
What is the remainder when 1486 is divided by 136?
126
What is the remainder when 568 is divided by 83?
70
What is the remainder when 85 is divided by 9?
4
What is the remainder when 56 is divided by 34?
22
What is the remainder when 78 is divided by 28?
22
What is the remainder when 88 is divided by 2?
0
What is the remainder when 8 is divided by 4?
0
Calculate the remainder when 2269 is divided by 10.
9
What is the remainder when 209 is divided by 71?
67
What is the remainder when 61 is divided by 3?
1
What is the remainder when 403 is divided by 29?
26
What is the remainder when 152 is divided by 135?
17
What is the remainder when 3278 is divided by 53?
45
What is the remainder when 124 is divided by 36?
16
What is the remainder when 2116 is divided by 428?
404
Calculate the remainder when 314 is divided by 8.
2
What is the remainder when 543 is divided by 31?
16
What is the remainder when 83 is divided by 24?
11
What is the remainder when 211 is divided by 15?
1
What is the remainder when 1539 is divided by 44?
43
Calculate the remainder when 372 is divided by 174.
24
What is the remainder when 5547 is divided by 25?
22
What is the remainder when 262 is divided by 76?
34
What is the remainder when 241 is divided by 83?
75
Calculate the remainder when 5029 is divided by 17.
14
Calculate the remainder when 1138 is divided by 81.
4
Calculate the remainder when 50 is divided by 14.
8
What is the remainder when 82 is divided by 22?
16
What is the remainder when 6252 is divided by 27?
15
What is the remainder when 454 is divided by 20?
14
What is the remainder when 140 is divided by 27?
5
Calculate the remainder when 468 is divided by 5.
3
Calculate the remainder when 103 is divided by 53.
50
What is the remainder when 156 is divided by 40?
36
What is the remainder when 414 is divided by 13?
11
What is the remainder when 75 is divided by 39?
36
Calculate the remainder when 1507 is divided by 27.
22
Calculate the remainder when 804 is divided by 23.
22
What is the remainder when 131 is divided by 66?
65
Calculate the remainder when 811 is divided by 14.
13
What is the remainder when 501 is divided by 124?
5
What is the remainder when 2242 is divided by 73?
52
What is the remainder when 548 is divided by 11?
9
Calculate the remainder when 213 is divided by 36.
33
What is the remainder when 169 is divided by 86?
83
What is the remainder when 476 is divided by 60?
56
Calculate the remainder when 7514 is divided by 7.
3
What is the remainder when 594 is divided by 17?
16
Calculate the remainder when 37 is divided by 12.
1
What is the remainder when 48 is divided by 8?
0
Calculate the remainder when 1338 is divided by 5.
3
What is the remainder when 668 is divided by 91?
31
Calculate the remainder when 291 is divided by 73.
72
What is the remainder when 658 is divided by 15?
13
What is the remainder when 51 is divided by 35?
16
What is the remainder when 165 is divided by 79?
7
What is the remainder when 5307 is divided by 47?
43
What is the remainder when 340 is divided by 49?
46
Calculate the remainder when 1426 is divided by 110.
106
What is the remainder when 287 is divided by 49?
42
Calculate the remainder when 350 is divided by 111.
17
Calculate the remainder when 3032 is divided by 12.
8
Calculate the remainder when 133 is divided by 28.
21
What is the remainder when 285 is divided by 96?
93
What is the remainder when 504 is divided by 11?
9
What is the remainder when 191 is divided by 39?
35
Calculate the remainder when 164 is divided by 65.
34
What is the remainder when 96 is divided by 17?
11
Calculate the remainder when 205 is divided by 70.
65
What is the remainder when 314 is divided by 40?
34
What is the remainder when 2379 is divided by 1?
0
What is the remainder when 592 is divided by 585?
7
Calculate the remainder when 387 is divided by 306.
81
Calculate the remainder when 128 is divided by 35.
23
What is the remainder when 9291 is divided by 65?
61
What is the remainder when 4553 is divided by 7?
3
Calculate the remainder when 219 is divided by 67.
18
Calculate the remainder when 117 is divided by 30.
27
What is the remainder when 284 is divided by 93?
5
Calculate the remainder when 200 is divided by 97.
6
What is the remainder when 583 is divided by 47?
19
What is the remainder when 174 is divided by 35?
34
Calculate the remainder when 352 is divided by 22.
0
What is the remainder when 11 is divided by 6?
5
What is the remainder when 8310 is divided by 51?
48
What is the remainder when 228 is divided by 63?
39
Calculate the remainder when 425 is divided by 145.
135
Calculate the remainder when 861 is divided by 72.
69
Calculate the remainder when 65 is divided by 44.
21
Calculate the remainder when 352 is divided by 85.
12
What is the remainder when 136 is divided by 70?
66
What is the remainder when 34031 is divided by 11?
8
Calculate the remainder when 1639 is divided by 149.
0
What is the remainder when 31 is divided by 3?
1
What is the remainder when 352 is divided by 64?
32
What is the remainder when 200 is divided by 46?
16
Calculate the remainder when 56 is divided by 6.
2
What is the remainder when 1709 is divided by 95?
94
Calculate the remainder when 5209 is divided by 1301.
5
Calculate the remainder when 1350 is divided by 33.
30
Calculate the remainder when 7538 is divided by 145.
143
Calculate the remainder when 2086 is divided by 6.
4
What is the remainder when 159 is divided by 87?
72
What is the remainder when 51 is divided by 6?
3
Calculate the remainder when 28 is divided by 7.
0
What is the remainder when 269 is divided by 21?
17
Calculate the remainder when 3109 is divided by 18.
13
Calculate the remainder when 36 is divided by 10.
6
What is the remainder when 1261 is divided by 43?
14
What is the remainder when 2729 is divided by 195?
194
Calculate the remainder when 4617 is divided by 66.
63
What is the remainder when 507 is divided by 145?
72
What is the remainder when 249 is div